





{"id":64,"date":"2019-04-16T16:19:08","date_gmt":"2019-04-16T14:19:08","guid":{"rendered":"https:\/\/zpstest.000webhostapp.com\/?page_id=64"},"modified":"2026-04-13T12:19:32","modified_gmt":"2026-04-13T10:19:32","slug":"kontakt","status":"publish","type":"page","link":"https:\/\/zpsdziwnow.8q.com.pl\/?page_id=64","title":{"rendered":"Kontakt"},"content":{"rendered":"\n<h4 class=\"wp-block-heading\" id=\"zwiazek-polskich-spadochroniarzy-oddzial-iii-dziwnow-im-1-batalionu-szturmowego\"><strong>Zwi\u0105zek Polskich Spadochroniarzy, Oddzia\u0142 III Dziwn\u00f3w im.&nbsp;<em>1 Batalionu Szturmowego<\/em><\/strong><\/h4>\n\n\n\n<blockquote class=\"wp-block-quote is-layout-flow wp-block-quote-is-layout-flow\"><div class=\"wp-block-image\">\n<figure class=\"alignright size-full is-resized\"><img loading=\"lazy\" decoding=\"async\" width=\"1024\" height=\"1024\" src=\"https:\/\/zpsdziwnow.8q.com.pl\/wp-content\/uploads\/2026\/04\/zb.png\" alt=\"\" class=\"wp-image-478\" style=\"width:153px;height:auto\" srcset=\"https:\/\/zpsdziwnow.8q.com.pl\/wp-content\/uploads\/2026\/04\/zb.png 1024w, https:\/\/zpsdziwnow.8q.com.pl\/wp-content\/uploads\/2026\/04\/zb-300x300.png 300w, https:\/\/zpsdziwnow.8q.com.pl\/wp-content\/uploads\/2026\/04\/zb-150x150.png 150w, https:\/\/zpsdziwnow.8q.com.pl\/wp-content\/uploads\/2026\/04\/zb-768x768.png 768w, https:\/\/zpsdziwnow.8q.com.pl\/wp-content\/uploads\/2026\/04\/zb-520x520.png 520w, https:\/\/zpsdziwnow.8q.com.pl\/wp-content\/uploads\/2026\/04\/zb-740x740.png 740w\" sizes=\"auto, (max-width: 1024px) 100vw, 1024px\" \/><\/figure>\n<\/div>\n\n\n<p>72-420 Dziwn\u00f3w, ul. Szosowa 5<\/p>\n\n\n\n<p>Tel. 603 848 334 (p. Zbigniew Jeszka)<\/p>\n\n\n\n<p>Mail: zb.jeszka@gmail.com<\/p>\n\n\n\n<p>REGON:&nbsp;811977052<\/p>\n<\/blockquote>\n\n\n\n<div style=\"height:36px\" aria-hidden=\"true\" class=\"wp-block-spacer\"><\/div>\n\n\n\n<h4 class=\"wp-block-heading\" id=\"lista-osob-wchodzacych-w-sklad-zarzadu-iii-oddzialu-zwiazku-polskich-spadochroniarzy\"><strong>Lista os\u00f3b wchodz\u0105cych w sk\u0142ad Zarz\u0105du III Oddzia\u0142u Zwi\u0105zku Polskich Spadochroniarzy<\/strong><\/h4>\n\n\n\n<blockquote class=\"wp-block-quote is-layout-flow wp-block-quote-is-layout-flow\">\n<p>PREZES: Zbigniew Jeszka<br>WICEPREZES: Ireneusz Guglas<br>SEKRETARZ: Ryszard Szeszko<br>SKARBNIK: Ryszard Truszkiewicz<\/p>\n<\/blockquote>\n\n\n\n<blockquote class=\"wp-block-quote is-layout-flow wp-block-quote-is-layout-flow\">\n<p><strong>CZ\u0141ONKOWIE ZARZ\u0104DU: <\/strong><\/p>\n\n\n\n<p>Stanis\u0142aw Salamo\u0144ski<br>J\u00f3zef Liszczak<br>Ryszard Siluk<\/p>\n\n\n\n<p><\/p>\n<\/blockquote>\n\n\n\n<p><\/p>\n","protected":false},"excerpt":{"rendered":"<p>Zwi\u0105zek Polskich Spadochroniarzy, Oddzia\u0142 III Dziwn\u00f3w im.&nbsp;1 Batalionu Szturmowego Lista os\u00f3b wchodz\u0105cych w sk\u0142ad Zarz\u0105du III Oddzia\u0142u Zwi\u0105zku Polskich Spadochroniarzy PREZES: Zbigniew JeszkaWICEPREZES: Ireneusz GuglasSEKRETARZ: Ryszard SzeszkoSKARBNIK: Ryszard Truszkiewicz CZ\u0141ONKOWIE ZARZ\u0104DU: Stanis\u0142aw Salamo\u0144skiJ\u00f3zef LiszczakRyszard Siluk<\/p>\n","protected":false},"author":1,"featured_media":0,"parent":0,"menu_order":1,"comment_status":"closed","ping_status":"closed","template":"","meta":{"pgc_sgb_lightbox_settings":"","footnotes":""},"class_list":["post-64","page","type-page","status-publish","hentry"],"_links":{"self":[{"href":"https:\/\/zpsdziwnow.8q.com.pl\/index.php?rest_route=\/wp\/v2\/pages\/64","targetHints":{"allow":["GET"]}}],"collection":[{"href":"https:\/\/zpsdziwnow.8q.com.pl\/index.php?rest_route=\/wp\/v2\/pages"}],"about":[{"href":"https:\/\/zpsdziwnow.8q.com.pl\/index.php?rest_route=\/wp\/v2\/types\/page"}],"author":[{"embeddable":true,"href":"https:\/\/zpsdziwnow.8q.com.pl\/index.php?rest_route=\/wp\/v2\/users\/1"}],"replies":[{"embeddable":true,"href":"https:\/\/zpsdziwnow.8q.com.pl\/index.php?rest_route=%2Fwp%2Fv2%2Fcomments&post=64"}],"version-history":[{"count":41,"href":"https:\/\/zpsdziwnow.8q.com.pl\/index.php?rest_route=\/wp\/v2\/pages\/64\/revisions"}],"predecessor-version":[{"id":482,"href":"https:\/\/zpsdziwnow.8q.com.pl\/index.php?rest_route=\/wp\/v2\/pages\/64\/revisions\/482"}],"wp:attachment":[{"href":"https:\/\/zpsdziwnow.8q.com.pl\/index.php?rest_route=%2Fwp%2Fv2%2Fmedia&parent=64"}],"curies":[{"name":"wp","href":"https:\/\/api.w.org\/{rel}","templated":true}]}}